et t(g) = -1185*g + 83749. Give t(71).
-386
Let u(s) = 7*s**2 - 27499*s + 3095701. Give u(116).
9
Let z(j) = -1655*j + 6500. What is z(4)?
-120
Let u(p) = 2*p**2 - 424*p - 2150. What is u(-5)?
20
Let w(b) = -81908*b - 1965787. Give w(-24).
5
Let o(m) = -43*m**2 - 1376*m - 49. Calculate o(-32).
-49
Let b(i) = 2*i**3 + 16*i**2 + 430*i + 4041. Give b(-9).
9
Let c(w) = 262*w**2 - 81*w + 221. Determine c(3).
2336
Let o(d) = 2*d**3 - 27*d**2 + 208*d - 2328. Determine o(13).
207
Let c(x) = x**3 + 286*x**2 + 2233*x + 2239. Give c(-278).
-263
Let j(c) = c**2 - 96*c + 908. What is j(90)?
368
Let s(z) = -z**2 - 1246*z + 245480. What is s(173)?
-7
Let j(c) = -3*c**3 - 81*c**2 + 116*c - 27. Calculate j(-28).
-923
Let z(c) = -1217*c + 2684. What is z(4)?
-2184
Let b(a) = 199460*a - 5784346. Determine b(29).
-6
Let q(w) = w**3 + 249*w**2 + 2906*w + 3184. Determine q(-11).
16
Let n(o) = -3809*o - 68570. Give n(-18).
-8
Let y(j) = 86*j**2 - 620*j - 2435. What is y(-4)?
1421
Let g(h) = -h**2 + 117*h - 3602. What is g(62)?
-192
Let o(v) = v**3 - 56*v**2 + 263*v - 258. What is o(51)?
150
Let b(d) = -103*d - 2027. What is b(-15)?
-482
Let h(j) = -19*j**3 - 579*j**2 + 310*j + 25. Give h(-31).
25
Let p(w) = -w**3 - 3161*w**2 - 2455749*w + 1781. What is p(-1786)?
-5
Let k(a) = 2*a**2 + 1888*a + 342513. Give k(-699).
3
Let y(i) = 286*i - 16744. Calculate y(60).
416
Let z(c) = -4*c**2 - 4119*c + 613395. Determine z(132).
-9
Let k(q) = 3517*q - 1223915. Determine k(348).
1
Let f(q) = -155*q - 117. Give f(-3).
348
Let y(w) = w**3 - 1380*w**2 - 18149*w + 7. Determine y(-13).
527
Let y(u) = -2*u**2 + 1268*u - 107660. Give y(533).
6
Let t(n) = -2*n**3 + 62*n**2 - 47*n + 878. What is t(30)?
1268
Let t(d) = -d**3 - 7*d**2 - 10812*d - 64848. Determine t(-6).
-12
Let y(l) = 88717*l + 177583. Determine y(-2).
149
Let t(j) = 2*j**3 - 52*j**2 + 177*j - 22. Determine t(13).
-2115
Let z(a) = 318*a**2 + 3960*a - 4265. Calculate z(1).
13
Let x(b) = -6*b**3 - 366*b**2 + 1543*b - 1108. Calculate x(-65).
-3
Let b(g) = -534*g + 34746. Determine b(65).
36
Let m(n) = 3*n**3 + 54*n**2 - 174*n + 294. Give m(-21).
-21
Let k(x) = 2*x**3 - 13*x**2 - 331*x + 2594. Determine k(8).
138
Let v(m) = -28*m**2 - 439*m + 3649. Calculate v(8).
-1655
Let g(s) = 11650*s + 605799. Calculate g(-52).
-1
Let j(i) = 271*i + 131547. Give j(-485).
112
Let p(l) = 11*l + 65. Calculate p(-62).
-617
Let p(f) = -3929*f + 11230. Calculate p(3).
-557
Let g(m) = 104*m + 424. Calculate g(-5).
-96
Let k(u) = -u**3 - 15*u**2 + 193*u + 2132. Determine k(-13).
-715
Let x(v) = 281922*v - 2255369. Give x(8).
7
Let s(x) = -17*x**2 + 718*x + 279. What is s(43)?
-280
Let y(v) = 4*v**3 - 139*v**2 - 4*v + 2. Determine y(0).
2
Let i(t) = 2*t**2 - 1242*t + 55672. What is i(49)?
-384
Let r(l) = -82*l - 7872. Calculate r(-91).
-410
Let f(r) = -82082*r + 1559563. What is f(19)?
5
Let h(d) = 317*d**2 - 122668*d - 4291. What is h(387)?
-34
Let k(s) = 5*s**3 - 592*s**2 - 292*s - 7845. What is k(119)?
-110
Let n(k) = -455*k + 2700. Give n(6).
-30
Let g(j) = -11423*j - 913843. Determine g(-80).
-3
Let b(v) = -4*v**2 + 1204*v - 27546. What is b(25)?
54
Let m(j) = 44*j**2 + 4750*j - 208. Calculate m(-108).
8
Let j(n) = -3080*n + 151360. Determine j(49).
440
Let o(l) = l**3 + 5*l**2 - 31*l - 11. Calculate o(-5).
144
Let y(t) = t**3 - 59*t**2 + 163*t + 325. What is y(56)?
45
Let d(i) = -2*i**2 + 55*i + 530. What is d(52)?
-2018
Let n(g) = 3*g**3 - 78*g**2 + 240*g - 48. What is n(14)?
-3744
Let i(h) = -98*h**2 + 82*h + 635. Calculate i(3).
-1
Let r(u) = 2*u**3 + 74*u**2 + 293*u + 136. Determine r(-31).
2585
Let f(g) = 20*g**2 + 2957*g - 20649. Determine f(7).
1030
Let v(q) = -3397*q**2 + 20*q - 20. Determine v(1).
-3397
Let q(y) = 765*y + 4055. Give q(-6).
-535
Let o(u) = 5*u**3 - 12*u**2 + 9*u + 19. Calculate o(-6).
-1547
Let c(v) = 1046*v**2 - 38*v + 21. Calculate c(1).
1029
Let q(f) = -177*f + 38971. What is q(219)?
208
Let b(r) = -1148*r - 48787. Determine b(-43).
577
Let v(t) = -t**3 - 151*t**2 - 2567*t + 2719. Determine v(1).
0
Let k(s) = s**2 - 1454*s - 84565. Calculate k(-56).
-5
Let i(f) = f**2 + 1128*f + 17787. Calculate i(-16).
-5
Let r(d) = 75840*d - 4550406. Give r(60).
-6
Let l(v) = -39*v + 5869. Determine l(301).
-5870
Let m(s) = -11642*s + 5180672. Determine m(445).
-18
Let g(j) = -1435*j + 2129524. Determine g(1484).
-16
Let w(o) = -o**2 - 1568*o - 41617. Determine w(-27).
-10
Let z(a) = -4*a**3 + 65*a**2 - 114*a - 27. Determine z(2).
-27
Let o(j) = j**2 + 138*j + 3201. What is o(-111)?
204
Let z(g) = -6*g**2 - 499*g + 66830. Calculate z(-155).
25
Let f(x) = 157*x - 19343. What is f(123)?
-32
Let i(j) = -10*j**2 + 2640*j + 18512. Calculate i(-7).
-458
Let j(y) = -7*y**3 + 53221*y + 53220. What is j(-1)?
6
Let m(w) = -w**3 - 451*w**2 - 7704*w + 38957. What is m(-433)?
-13
Let s(j) = 6596*j + 39590. Calculate s(-6).
14
Let q(u) = 3*u**3 + 154*u**2 + 64*u + 1378. What is q(-51)?
715
Let q(m) = -103*m + 5902. Determine q(78).
-2132
Let u(r) = -2*r**3 - 318*r**2 - 8128*r - 26. Calculate u(-32).
-26
Let c(t) = 345*t - 3425. Give c(5).
-1700
Let s(q) = 97*q - 5798. Calculate s(69).
895
Let d(v) = -21*v**2 - 11582*v + 543242. Calculate d(-595).
7
Let k(l) = 18*l**2 + 789*l - 9616. Determine k(12).
2444
Let k(q) = 23057*q - 5994804. Calculate k(260).
16
Let m(h) = -7*h**3 - h**2 - 1337*h - 2679. Calculate m(-2).
47
Let q(k) = -k**3 - 78*k**2 + 1840*k - 293. What is q(-97)?
-2
Let j(p) = -570470*p + 2281886. Calculate j(4).
6
Let h(p) = -385022*p + 1540067. What is h(4)?
-21
Let l(w) = -35*w**2 + 438*w - 1141. Calculate l(9).
-34
Let j(o) = 72*o - 1107. Give j(-7).
-1611
Let g(l) = l**3 - 16*l**2 + 449*l - 2565. Give g(6).
-231
Let o(m) = -22945*m**2 + 114683*m + 198. Determine o(5).
-12
Let x(c) = c**2 - 1800*c - 53495. Give x(-29).
-454
Let j(a) = -a**3 - a**2 + 308*a + 2081. Give j(-8).
65
Let c(i) = 34*i**2 + 2233*i - 5308. Determine c(-68).
64
Let m(s) = 6*s**2 + 361*s + 1378. Give m(-4).
30
Let t(i) = -3182*i + 19367. Give t(6).
275
Let n(h) = -219416*h - 219433. Calculate n(-1).
-17
Let b(y) = 2*y**2 + 86*y + 6. What is b(-36)?
-498
Let a(i) = 8762*i + 5826724. Give a(-665).
-6
Let z(v) = 2*v**3 + 38*v**2 + 86*v - 243. What is z(-16)?
-83
Let w(o) = 7*o**3 + 1184*o**2 + 170*o + 357. What is w(-169)?
188
Let d(k) = 2*k**3 - 379*k**2 + 193*k - 148. Determine d(189).
608
Let i(a) = -2*a**3 + 35*a**2 + 98*a - 1246. Calculate i(18).
194
Let u(g) = -18014*g - 126108. What is u(-7)?
-10
Let l(w) = w**3 + 69*w**2 + 803*w + 22881. What is l(-62)?
3
Let a(c) = 224*c**3 - c**2 + 3460*c + 6917. What is a(-2)?
-1799
Let g(r) = -524*r + 18074. Determine g(36).
-790
Let h(f) = -f**3 + 67*f**2 - 250*f + 80. What is h(63)?
206
Let u(o) = 39467*o + 1105088. Determine u(-28).
12
Let o(f) = -f**3 - 250*f**2 - 2362*f - 590506. What is o(-250)?
-6
Let q(u) = 12*u**2 + 395*u + 1757. What is q(-35)?
2632
Let h(x) = 365*x**2 + 1123*x + 12. What is h(-3)?
-72
Let h(y) = 28*y**2 + 217*y + 26. Determine h(-9).
341
Let w(f) = -16*f**2 - 382*f + 42769. Give w(-65).
-1
Let z(v) = 110*v - 1454. What is z(7)?
-684
Let t(z) = -12*z**2 + 94*z + 10085. What is t(33)?
119
Let y(q) = q**3 - 161*q**2 + 56*q + 16645. What is y(160)?
5
Let o(u) = -385*u + 9. Determine o(-5).
1934
Let q(d) = 54*d**2 - 7*d + 161. Give q(-6).
2147
Let w(q) = 79535*q - 2704195. What is w(34)?
-5
Let p(z) = -z**3 + 33*z**2 + 809*z - 25206. Calculate p(25).
19
Let i(y) = 3*y**3 + 2*y**2 - 3284*y + 6564. What is i(2)?
28
Let g(y) = 1093*y**2 + 49186*y + 18. Determine g(-45).
-27
Let y(o) = -20*o**2 - 844*o + 326. What is y(-44)?
-1258
Let n(s) = 205*s**2 + 2026*s - 173. Determine n(-10).
67
Let a(g) = 2*g**3 + 191*g**2 - 287*g + 951. What is a(-97)?
563
Let r(m) = -8014*m**2 + 40043*m + 127. Determine r(5).
-8
Let g(b) = -22*b**3 + 303*b**2 + 79*b - 666. Determine g(14).
-540
Let k(r) = -r**3 + 13*r**2 + 63*r + 319. Calculate k(20).
-1221
Let w(r) = r**3 - 54*r**2 + 149*r - 1736. Determine w(51).
-1940
Let x(n) = n**2 - 4024*n - 739210. What is x(-176)?
-10
Let l(w) = 7048*w**2 + 148015*w + 98. Give l(-21).
-49
Let s(o) = -o**3 - 209*o**2 + 28479*o - 908. Calculate s(-303).
1
Let g(s) = -53*s**2 - 19666*s - 1102. Determine g(-371).
11
Let s(l) = l**3 + 75*l**2 + 829*l + 23998. Determine s(-68)